{"id":2815,"date":"2020-05-08T10:28:45","date_gmt":"2020-05-08T13:28:45","guid":{"rendered":"https:\/\/www.dellepianespirits.com\/store\/productos\/import-placeholder-for-178\/"},"modified":"2026-04-16T17:10:06","modified_gmt":"2026-04-16T20:10:06","slug":"golden-age-elderflower","status":"publish","type":"product","link":"https:\/\/www.dellepianespirits.com\/store\/productos\/golden-age-elderflower\/","title":{"rendered":"Golden Age Elderflower"},"content":{"rendered":"","protected":false},"excerpt":{"rendered":"<p>Elderflower es un delicado licor elaborado a partir de flores de sauco de origen patagonico y alcoholes extraneutros destilados de cereales. Las flores de sauco son maceradas durante algunos meses para lograr los aromas y bondades de estas exoticas flores.<\/p>\n<p>Presenta un color amarillo dorado brillante, con un bouquet seductor, aromas complejos que resaltan el perfil floral del sauco, pero tambi\u00e9n presenta notas frutales a lichi, pera, uva y frescas notas c\u00edtricas. \u00cdcono de la cocteler\u00eda cl\u00e1sica, el maraschino est\u00e1 siempre presente en todas las barras del mundo.<\/p>\n","protected":false},"featured_media":47583,"template":"","meta":{"wds_primary_product_brand":0,"wds_primary_product_cat":0,"footnotes":""},"product_brand":[],"product_cat":[107,112],"product_tag":[157,26],"class_list":{"0":"post-2815","1":"product","2":"type-product","3":"status-publish","4":"has-post-thumbnail","6":"product_cat-golden-age","7":"product_cat-licores","8":"product_tag-burns","9":"product_tag-golden-age","11":"first","12":"instock","13":"shipping-taxable","14":"purchasable","15":"product-type-simple"},"_links":{"self":[{"href":"https:\/\/www.dellepianespirits.com\/store\/wp-json\/wp\/v2\/product\/2815","targetHints":{"allow":["GET"]}}],"collection":[{"href":"https:\/\/www.dellepianespirits.com\/store\/wp-json\/wp\/v2\/product"}],"about":[{"href":"https:\/\/www.dellepianespirits.com\/store\/wp-json\/wp\/v2\/types\/product"}],"version-history":[{"count":0,"href":"https:\/\/www.dellepianespirits.com\/store\/wp-json\/wp\/v2\/product\/2815\/revisions"}],"wp:featuredmedia":[{"embeddable":true,"href":"https:\/\/www.dellepianespirits.com\/store\/wp-json\/wp\/v2\/media\/47583"}],"wp:attachment":[{"href":"https:\/\/www.dellepianespirits.com\/store\/wp-json\/wp\/v2\/media?parent=2815"}],"wp:term":[{"taxonomy":"product_brand","embeddable":true,"href":"https:\/\/www.dellepianespirits.com\/store\/wp-json\/wp\/v2\/product_brand?post=2815"},{"taxonomy":"product_cat","embeddable":true,"href":"https:\/\/www.dellepianespirits.com\/store\/wp-json\/wp\/v2\/product_cat?post=2815"},{"taxonomy":"product_tag","embeddable":true,"href":"https:\/\/www.dellepianespirits.com\/store\/wp-json\/wp\/v2\/product_tag?post=2815"}],"curies":[{"name":"wp","href":"https:\/\/api.w.org\/{rel}","templated":true}]}}