{"id":2795,"date":"2020-05-08T10:28:44","date_gmt":"2020-05-08T13:28:44","guid":{"rendered":"https:\/\/www.dellepianespirits.com\/store\/productos\/import-placeholder-for-663\/"},"modified":"2026-04-23T17:10:09","modified_gmt":"2026-04-23T20:10:09","slug":"cafe-al-conac","status":"publish","type":"product","link":"https:\/\/www.dellepianespirits.com\/store\/productos\/cafe-al-conac\/","title":{"rendered":"Caf\u00e9 al Co\u00f1ac &#8211; Edici\u00f3n Mundial"},"content":{"rendered":"","protected":false},"excerpt":{"rendered":"<p>Creado en 1962 el Caf\u00e9 al Co\u00f1ac de \u201cTres Plumas\u201d se posiciono como m\u00e1ximo referente del mercado local logrando un hist\u00f3rico \u00e9xito en ventas. Elaborado a partir de alcoholes extra neutros, finos granos de caf\u00e9 tostado importado y co\u00f1ac, con un posterior per\u00edodo de reposo logra la comuni\u00f3n perfecta de todos los componentes. De profundo color marr\u00f3n oscuro, en nariz el caf\u00e9 se expresa intenso, mientras que en boca se muestra completo, de gran cuerpo, dulce y con un dejo a chocolate. Obtuvo en 2014 el reconocimiento como el mejor en su tipo, otorgado por la revista especializada \u201cBar and Drinks\u201d.<\/p>\n","protected":false},"featured_media":50095,"template":"","meta":{"wds_primary_product_brand":0,"wds_primary_product_cat":0,"footnotes":""},"product_brand":[],"product_cat":[112],"product_tag":[152,113],"class_list":{"0":"post-2795","1":"product","2":"type-product","3":"status-publish","4":"has-post-thumbnail","6":"product_cat-licores","7":"product_tag-promocafe","8":"product_tag-tres-plumas","10":"first","11":"instock","12":"shipping-taxable","13":"purchasable","14":"product-type-simple"},"_links":{"self":[{"href":"https:\/\/www.dellepianespirits.com\/store\/wp-json\/wp\/v2\/product\/2795","targetHints":{"allow":["GET"]}}],"collection":[{"href":"https:\/\/www.dellepianespirits.com\/store\/wp-json\/wp\/v2\/product"}],"about":[{"href":"https:\/\/www.dellepianespirits.com\/store\/wp-json\/wp\/v2\/types\/product"}],"version-history":[{"count":0,"href":"https:\/\/www.dellepianespirits.com\/store\/wp-json\/wp\/v2\/product\/2795\/revisions"}],"wp:featuredmedia":[{"embeddable":true,"href":"https:\/\/www.dellepianespirits.com\/store\/wp-json\/wp\/v2\/media\/50095"}],"wp:attachment":[{"href":"https:\/\/www.dellepianespirits.com\/store\/wp-json\/wp\/v2\/media?parent=2795"}],"wp:term":[{"taxonomy":"product_brand","embeddable":true,"href":"https:\/\/www.dellepianespirits.com\/store\/wp-json\/wp\/v2\/product_brand?post=2795"},{"taxonomy":"product_cat","embeddable":true,"href":"https:\/\/www.dellepianespirits.com\/store\/wp-json\/wp\/v2\/product_cat?post=2795"},{"taxonomy":"product_tag","embeddable":true,"href":"https:\/\/www.dellepianespirits.com\/store\/wp-json\/wp\/v2\/product_tag?post=2795"}],"curies":[{"name":"wp","href":"https:\/\/api.w.org\/{rel}","templated":true}]}}